s the thousands digit of 155071?
5
What is the hundreds digit of 4212046?
0
What is the thousands digit of 280181?
0
What is the thousands digit of 196925?
6
What is the units digit of 1987969?
9
What is the hundred thousands digit of 2305326?
3
What is the units digit of 3593156?
6
What is the hundreds digit of 36033122?
1
What is the thousands digit of 1343588?
3
What is the hundred thousands digit of 2648147?
6
What is the tens digit of 421388?
8
What is the ten thousands digit of 1743750?
4
What is the hundreds digit of 4858788?
7
What is the hundreds digit of 1001375?
3
What is the millions digit of 1017502?
1
What is the hundreds digit of 153515?
5
What is the ten thousands digit of 370494?
7
What is the tens digit of 863161?
6
What is the tens digit of 618226?
2
What is the tens digit of 4918823?
2
What is the ten thousands digit of 1513997?
1
What is the units digit of 5406546?
6
What is the thousands digit of 3546792?
6
What is the tens digit of 2417145?
4
What is the hundred thousands digit of 11697513?
6
What is the ten thousands digit of 5563899?
6
What is the thousands digit of 494299?
4
What is the thousands digit of 2789318?
9
What is the thousands digit of 546471?
6
What is the tens digit of 2040873?
7
What is the units digit of 1088323?
3
What is the hundreds digit of 237668?
6
What is the hundreds digit of 67260?
2
What is the thousands digit of 83914?
3
What is the tens digit of 19244?
4
What is the hundred thousands digit of 237033?
2
What is the ten thousands digit of 2000236?
0
What is the hundreds digit of 214248?
2
What is the tens digit of 1406458?
5
What is the hundreds digit of 120648?
6
What is the hundred thousands digit of 1911665?
9
What is the ten thousands digit of 2135903?
3
What is the thousands digit of 377638?
7
What is the units digit of 4470096?
6
What is the units digit of 932463?
3
What is the hundred thousands digit of 4110167?
1
What is the ten thousands digit of 303455?
0
What is the hundred thousands digit of 9477108?
4
What is the ten thousands digit of 5518055?
1
What is the units digit of 1812694?
4
What is the units digit of 463283?
3
What is the tens digit of 204328?
2
What is the hundred thousands digit of 10992342?
9
What is the units digit of 8390678?
8
What is the units digit of 199739?
9
What is the hundreds digit of 13323839?
8
What is the ten thousands digit of 656526?
5
What is the units digit of 118004?
4
What is the ten thousands digit of 339437?
3
What is the tens digit of 1601188?
8
What is the hundreds digit of 3274?
2
What is the hundreds digit of 20990805?
8
What is the tens digit of 273474?
7
What is the ten thousands digit of 1613025?
1
What is the thousands digit of 3002229?
2
What is the ten thousands digit of 25362182?
6
What is the hundreds digit of 1498576?
5
What is the ten thousands digit of 9499383?
9
What is the units digit of 960550?
0
What is the ten thousands digit of 8564325?
6
What is the ten thousands digit of 29943768?
4
What is the units digit of 3954909?
9
What is the thousands digit of 12284?
2
What is the units digit of 33151?
1
What is the hundreds digit of 4132634?
6
What is the thousands digit of 56671?
6
What is the tens digit of 12768963?
6
What is the tens digit of 1747570?
7
What is the ten thousands digit of 92111?
9
What is the hundreds digit of 309848?
8
What is the thousands digit of 657940?
7
What is the hundred thousands digit of 685680?
6
What is the tens digit of 6459863?
6
What is the units digit of 60199?
9
What is the thousands digit of 152665?
2
What is the ten thousands digit of 3002689?
0
What is the tens digit of 14268768?
6
What is the millions digit of 3335062?
3
What is the ten thousands digit of 189912?
8
What is the hundreds digit of 7424310?
3
What is the hundred thousands digit of 2228071?
2
What is the units digit of 115613?
3
What is the hundreds digit of 58605?
6
What is the tens digit of 2757778?
7
What is the thousands digit of 367499?
7
What is the millions digit of 7630636?
7
What is the hundred thousands digit of 139210?
1
What is the tens digit of 3316711?
1
What is the units digit of 247372?
2
What is the ten thousands digit of 16279367?
7
What is the thousands digit of 6431220?
1
What is the units digit of 1763886?
6
What is the hundred thousands digit of 4429558?
4
What is the ten thousands digit of 6124780?
2
What is the tens digit of 249766?
6
What is the tens digit of 2095181?
8
What is the ten thousands digit of 4627182?
2
What is the hundreds digit of 197286?
2
What is the thousands digit of 7465?
7
What is the tens digit of 260540?
4
What is the hundreds digit of 23585690?
6
What is the thousands digit of 35385384?
5
What is the thousands digit of 711874?
1
What is the units digit of 8053976?
6
What is the units digit of 3358772?
2
What is the hundred thousands digit of 353251?
3
What is the millions digit of 1519706?
1
What is the thousands digit of 1925598?
5
What is the ten thousands digit of 524798?
2
What is the millions digit of 31349248?
1
What is the units digit of 166249?
9
What is the hundreds digit of 6061523?
5
What is the units digit of 200706?
6
What is the hundred thousands digit of 223966?
2
What is the hundreds digit of 3887?
8
What is the ten millions digit of 23709008?
2
What is the thousands digit of 1485472?
5
What is the units digit of 549915?
5
What is the hundred thousands digit of 2666594?
6
What is the millions digit of 3707756?
3
What is the ten thousands digit of 215684?
1
What is the hundreds digit of 193008?
0
What is the millions digit of 1271285?
1
What is the ten thousands digit of 4023221?
2
What is the ten thousands digit of 70698?
7
What is the hundreds digit of 373633?
6
What is the thousands digit of 1273451?
3
What is the units digit of 137529?
9
What is the hundred thousands digit of 258084?
2
What is the thousands digit of 448666?
8
What is the hundred thousands digit of 247252?
2
What is the hundred thousands digit of 235406?
2
What is the millions digit of 32416586?
2
What is the ten thousands digit of 91876?
9
What is the ten thousands digit of 133776?
3
What is the hundred thousands digit of 9430805?
4
What is the thousands digit of 2367091?
7
What is the units digit of 5837304?
4
What is the units digit of 77198?
8
What is the millions digit of 35834001?
5
What is the tens digit of 358054?
5
What is the hundreds digit of 72773?
7
What is the tens digit of 10588370?
7
What is the ten millions digit of 15265209?
1
What is the ten thousands digit of 5506846?
0
What is the hundred thousands digit of 3026612?
0
What is the millions digit of 2454376?
2
What is the thousands digit of 7195667?
5
What is the ten thousands digit of 11831?
1
What is the thousands digit of 86200?
6
What is the tens digit of 15690552?
5
What is the units digit of 4860782?
2
What is the hundreds digit of 2588497?
4
What is the units digit of 414263?
3
What is the hundreds digit of 1047606?
6
What is the tens digit of 104641?
4
What is the hundreds digit of 4690644?
6
What is the tens digit of 173167?
6
What is the hundred thousands digit of 383932?
3
What is the millions digit of 2255898?
2
What is the ten thousands digit of 1434920?
3
What is the thousands digit of 1561137?
1
What is the tens digit of 50755?
5
What is the ten thousands digit of 2143080?
4
What is the ten thousands digit of 4486045?
8
What is the units digit of 2770548?
8
What is the units digit of 36217?
7
What is the units digit of 1386219?
9
What is the hundreds digit of 7981506?
5
What is the ten thousands digit of 17553803?
5
What is the ten thousands digit of 134844?
3
What is the thousands digit of 7231469?
1
What is the thousands digit of 218241?
8
What is the thousands digit of 1034024?
4
What is the hundreds digit of 149533?
5
What is the thousands digit of 287064?
7
What is the units digit of 199437?
7
What is the tens digit of 2156844?
4
What is the millions digit of 2123569?
2
What is the hundreds digit of 161197?
1
What is the units digit of 18797?
7
What is the ten thousands digit of 995806?
9
What is the hundred thousands digit of 4655110?
6
What is the hundred thousands digit of 256406?
2
What is the hundreds digit of 2292928?
9
What is the ten thousands digit of 5239021?
3
What is the thousands digit of 3808